0 + 1/120*w**6 + 0*w - 1/30*w**5. What is the tens digit of y(5)?
4
Let k(i) = -i**3 + 9*i**2 + 4*i + 6. Let b be k(10). Let m be 228/b + (-2)/(-9). What is the units digit of (-126)/((-6)/m + -3)?
4
Let f(g) = -141*g + 3873. What is the hundreds digit of f(-146)?
4
Let v = -59040 + 88155. What is the units digit of v?
5
Suppose -7*n + 4958 = r - 25883, -r + 4*n = -30852. What is the hundreds digit of r?
8
Let m be (0 - (5 + -5))/1. Suppose 9*t - 10*t + 2 = m. Suppose 0 = -2*w + 4*w - 8, -t*w + 752 = 4*n. What is the tens digit of n?
8
Suppose 14 = 3*q + 2*f, 19 - 1 = -q + 5*f. Suppose -p + q*x = -1479, 44 = x + 46. What is the hundreds digit of p?
4
Suppose 4*z - o + 6 = 2*o, 0 = 5*z - 2*o + 4. Suppose z*x - 7152 = -12*x. What is the hundreds digit of x?
5
Suppose -n + 1149 = x - 12737, 4*n = 3*x - 41630. What is the tens digit of x?
8
Let y be ((-8)/2)/4 - 10. Let a be y + (0 - (1 - 2)*1). Let f = 1 - a. What is the tens digit of f?
1
Suppose -1728 = -7*m + 4*m. Suppose -m - 288 = -3*o. What is the tens digit of o?
8
Let t(g) = g**2 - 57*g - 128. What is the hundreds digit of t(-96)?
5
Let b(i) = -i**3 + 2*i**2 - 14*i - 7. Let x(c) = -c**3 + 3*c**2 - 14*c - 6. Let n(z) = 2*b(z) - 3*x(z). What is the tens digit of n(5)?
7
Suppose -142564 = -4*c - 4*x, 182*c - 178*c + 5*x = 142567. What is the hundreds digit of c?
6
Let r(d) = 31*d + 2. Let x be r(3). Let a = -60 - x. Let h = a + 229. What is the units digit of h?
4
Let j(i) = -i**3 - 9*i**2 - 12*i - 12. Let l be j(-3). Suppose -250 = -h - 4*h. Let z = h + l. What is the units digit of z?
0
Let k(i) be the first derivative of i**4/4 - 7*i**3/3 + 17*i**2/2 - 11*i + 20. Let n be k(8). Suppose 5*q - n = 4*q. What is the units digit of q?
9
Let d(q) = 164*q**2 - 138*q + 1812. What is the tens digit of d(18)?
6
Let g(t) = -3*t - 27. Let x be g(-7). Let y(i) = -i**3 - 6*i**2 - i - 6. Let o be y(x). Suppose -4*n - 79 + 375 = o. What is the units digit of n?
4
Suppose 9*l - 1479 + 5916 = 0. Let i = -301 - l. Suppose -6*z - 4*u + i = -3*z, z - 3*u = 64. What is the units digit of z?
4
What is the hundreds digit of 10301960/2552 + 2/11?
0
Let o(h) = 12*h**3 + 3*h**2 + 24*h - 9. Let f be o(6). Suppose 762*k = 767*k - f. What is the tens digit of k?
6
Let r be 1*10*(3 + 69 + -3). Suppose -3*i = 2*f - 810, 2*f + 2*i - r = 124. What is the tens digit of f?
1
Suppose f - 13 = l, -f = -5*f - 4*l + 52. Let r = -132 - -172. Suppose -r = f*o - 17*o. What is the units digit of o?
0
Suppose -276*t - 44758 = -299*t. What is the tens digit of t?
4
Let o = 611 + -641. What is the hundreds digit of 168 + o - (1 + -2)?
1
Let v(f) = 8*f**2 - 189. What is the units digit of v(24)?
9
Let g = 30067 - 26464. What is the hundreds digit of g?
6
Let n(r) = -r**3 + 6*r**2 - 7*r + 14. Let d be n(5). Suppose 2*v = 3*f - 68, 14 - d = 2*v. What is the units digit of (-36)/(-234) + (4156/f - 1)?
9
Suppose -4*u - 5*c = -398, -3*u = -2*u - c - 95. Suppose 5*h + u = s - 255, -5*s + 1734 = h. What is the hundreds digit of s?
3
Suppose 4*s - 165 + 517 = 0. Suppose x = -5*i + 267, 0*x - 4*x + 2*i + 1178 = 0. Let v = s + x. What is the units digit of v?
4
Suppose -2*b + 4*b = b. Let c = 9 + -7. Suppose b = -c*x + 2, -5*n + 115 = -3*x - 82. What is the tens digit of n?
4
Suppose 0 = -3*t + 37 - 82. Let q be 23/3 - t/(-9). What is the hundreds digit of 1/(q*2/1404)?
1
Suppose 163*s - 27370 = 139705. What is the thousands digit of s?
1
Suppose -m + 12 = 4*w - 27, -4*m = 4*w - 36. Let f be (168/w)/(26/(-195)). Let i = f - -293. What is the tens digit of i?
6
Let k = 13935 - -6026. What is the thousands digit of k?
9
Suppose o + 2*k - 8 = 0, -2*o + o + k = 1. Suppose -2*p - 6*d + o*d = -178, 0 = -5*p - 5*d + 430. Let i = 17 + p. What is the units digit of i?
0
Suppose -100*a + 313291 = -1702706 - 1227003. What is the hundreds digit of a?
4
Let z(y) = y**3 - 35*y**2 - 45*y - 20. What is the thousands digit of z(37)?
1
Suppose -w - 5*w = -13242. Suppose -5*g + w = 252. What is the tens digit of g?
9
Let w be (8 + -6 + (-2 - 96))*40. What is the tens digit of w/(-3) + (1 - -2)?
8
Let o(k) = -k**2 + 17*k + 11. Let f be (72/15)/((-2)/(-25)). Suppose f = -q + 7*q. What is the tens digit of o(q)?
8
Suppose 128*t = 80502 + 193034. What is the units digit of t?
7
Let k(m) = 13*m**2 - 35*m - 79. What is the thousands digit of k(11)?
1
Suppose -1764*u + 1779*u - 39915 = 0. What is the hundreds digit of u?
6
Suppose -2*w + f = -144, 6*w - 2*w - 292 = f. Let g = 85 - w. Suppose 8*m = g*m - 588. What is the tens digit of m?
9
Let o = 10280 + -3545. What is the hundreds digit of o?
7
Let f(s) be the second derivative of -4*s**3 + 58*s**2 - 103*s. What is the hundreds digit of f(-26)?
7
Suppose 6*i = -2*i + 5*i. Suppose -3*d + 894 = -2*f, i = -2*d - 0*d - f + 589. What is the tens digit of d?
9
Suppose 35*r - 567880 = 1070725 + 244220. What is the hundreds digit of r?
7
Let y(s) = s**3 - 4*s**2 - 12*s + 12. Let o be y(4). Let x be 54/o*(-436)/(-6). Let l = x - -205. What is the units digit of l?
6
Let u(w) = -6*w**3 - 2*w**2 + w + 2. Let t be u(-2). Suppose 3*d - t - 814 = -5*s, 172 = s + d. Suppose 0 = -22*n + 23*n - s. What is the units digit of n?
9
Let o be 1/(-4)*-6*56/(-12). Let y be (-130)/(-35) - 2/o. Suppose -3*q - 3*x + 333 = -x, y*x - 448 = -4*q. What is the units digit of q?
9
Let y = 343 + -262. Suppose 885 = b - 3*c + y, 0 = -2*c + 4. What is the hundreds digit of b?
8
Let i(b) = 7*b**3 + 3*b**2 - b - 11. Let d be i(-4). Let c = 859 + d. Suppose -5*k + c = -88. What is the units digit of k?
8
Let i = -103 + 1115. Let t = i - 278. What is the units digit of t?
4
Let n(d) = -2*d**2 + 18*d - 35. Let f be n(4). Suppose c = -f*y + 1806, -3*y + 4*c = 7*c - 1074. What is the tens digit of y?
6
Let c(b) = -b**3 + 25*b**2 + 4*b + 5. Let y be c(15). Suppose 0 = -14*o + 14103 - y. What is the hundreds digit of o?
8
Let c(y) = -318*y**3 + 2*y**2 - 2. Let a be c(1). What is the hundreds digit of a/(-4)*((-140)/6)/(-5)?
3
Let p = -193 - -197. Suppose p*h - 1392 = 612. What is the tens digit of h?
0
Suppose 0 = -75*p + 66*p + 45. What is the units digit of 8*((-394)/p)/(88/(-110))?
8
Let i be ((-8)/6)/(0 + (-30)/585). Suppose b - 408 = -4*h, 6 = 4*h + i. What is the tens digit of b?
2
What is the tens digit of 17155/5 - ((-7 - -3) + 0)?
3
Suppose -2325143 = -257*h + 81157 + 235660. What is the units digit of h?
0
Suppose 7*n - 11*n = -12. Suppose -v - 7 = -2*g, -10 = -n*v - g + 4. Suppose 3*c + t = 131, -c - v*t = t - 40. What is the units digit of c?
4
Suppose 3*u = c + 44010, 227*u + 29338 = 229*u - c. What is the ten thousands digit of u?
1
Let g(r) = 5*r**2 - 16*r + 114. Let h be ((-162)/(-567))/((-1)/(-21)). What is the units digit of g(h)?
8
Let c = 19385 + 23256. What is the ten thousands digit of c?
4
Let a(n) = 6 - 14*n**2 - 4*n**3 + 46*n - 52*n + 2. What is the tens digit of a(-5)?
8
Let g = 238 - 239. What is the tens digit of 0 - (-252)/(-7)*g?
3
Let g = 3088 + -1625. What is the hundreds digit of g?
4
Let d(i) be the second derivative of -5*i**3/3 + 73*i**2/2 + 132*i. What is the hundreds digit of d(-28)?
3
Suppose 115*g + 903 = 112*g. Let q = 421 + g. What is the tens digit of q?
2
Let p(u) = 33*u**3 - 5*u**2 - u - 5. Let i be p(-3). Let o = 1334 + i. What is the hundreds digit of o?
3
Let i = -71 + 96. Suppose 5 = i*h - 24*h. Suppose 465 = h*f - 410. What is the tens digit of f?
7
Let s be (1 - 1) + (-21)/(-7). Suppose s - 21 = -3*u. Suppose -u*c = -c - 40. What is the units digit of c?
8
Let m = -20497 + 56598. What is the hundreds digit of m?
1
Suppose 407*m - 306*m - 249268 = 0. What is the tens digit of m?
6
Suppose 44*t - 42*t - 12 = 0, -5*t + 15627 = 3*a. What is the units digit of a?
9
Let g = -20377 + 35737. What is the hundreds digit of g?
3
Let z = -56 - -60. What is the units digit of (-2)/(z - (12 + -2))*411?
7
What is the tens digit of 7 - (21532/6)/(7/(-42))?
3
Let i = -17 - -88. Suppose -2*x + 96 = m, -5*x + 4*m = -312 + 85. Let g = x + i. What is the units digit of g?
8
Let u(a) = -2*a**3 + 7*a**2 + 6*a - 4. Let k be u(-6). Suppose 68 = 3*q + 56. Suppose 3*f - k = -q*f. What is the tens digit of f?
9
Let d(l) = 2754*l - 549. What is the ten thousands digit of d(5)?
1
Let q(w) = 25*w**2 + 46*w - 225. Suppose -4*u = 5*g - 5, 0 